mmon divisor of a and 12?
12
Let b be (6 + -11)/((-2)/10). Let y be ((-9)/5)/((-5)/25). Suppose 3*x - 24 = -y. Calculate the greatest common factor of x and b.
5
Suppose 20*t - 9*t = 737. Calculate the greatest common factor of 871 and t.
67
Suppose v = -v + 196. Suppose 3*q + h - 112 = 0, -5*q + v = 4*h - 84. What is the greatest common divisor of 38 and q?
38
Let h(g) = 2*g + 14. Let q be h(-5). Suppose -q*o - 4*l = -2*l - 22, -2*l = -5*o + 50. Calculate the highest common divisor of 12 and o.
4
Let b be ((-69)/92)/(6/(-128)). What is the greatest common divisor of b and 128?
16
Let z be (86/1)/((-20)/(-80)) - 0. What is the highest common factor of z and 43?
43
Let a be (2303/35 - 2/(-10)) + -2. Let t = 10 + -5. Suppose -1 = 2*p + p + t*c, p + 3*c + 7 = 0. Calculate the highest common divisor of a and p.
8
Let w be 1 - 8786/(-16) - 32/256. Calculate the highest common factor of 50 and w.
50
Suppose -4*q - 33 = 2*b + 17, 17 = -q + b. Let n = 34 + q. Let g be (-4)/3*3 + 9. Calculate the greatest common factor of n and g.
5
Suppose 2 = 2*n, -2*n = -5*j + 2*n - 4. Suppose -6*b + 48 = -2*b - 4*t, 24 = 4*b + 2*t. Let g be j*4/b + 3. Calculate the greatest common factor of 33 and g.
3
Suppose 2*i - 3*i + 617 = l, l = -3*i + 1855. Let t = i + -318. Suppose t = 4*r + 121. What is the greatest common factor of r and 5?
5
Let v(y) = y**3 - 7*y + 3. Let n be v(3). Suppose 7*u = 5*u + 198. What is the highest common divisor of u and n?
9
Let l = 706 + -647. Calculate the highest common factor of l and 767.
59
Let x = 693 + -341. Calculate the highest common divisor of 11 and x.
11
Let p = 48 - 50. Let k be p/(-3)*(-42)/(-4). What is the greatest common divisor of k and 56?
7
Let j be 6*-9*2/(-9). What is the greatest common divisor of 156 and j?
12
Let c be (-5)/(1 - 11)*8. Suppose 2 = -n + 5*r, 2*n + 0*n + c*r = 24. What is the greatest common factor of 4 and n?
4
Suppose -15 = -4*b + 5*n, 6*n + 9 = 5*b + 3*n. Suppose -4*y + 3*c + 159 = -b*y, 0 = 3*y + c - 129. Calculate the highest common divisor of y and 14.
14
Let n be 0*1/(-2) - (7 + -27). Suppose -21*b + n = -19*b. Let c(h) = h + 3. Let q be c(7). Calculate the greatest common factor of b and q.
10
Suppose -3 = -2*l + 1. Suppose 0 = -l*r + 4*r - 12. Suppose -7*s + 4 = -r*s. What is the highest common divisor of 4 and s?
4
Let y = 17 - 14. Suppose -s = 2*z - 34, 4*s + y*z = -z + 156. What is the highest common divisor of 4 and s?
4
Suppose -749 = -3*l - x, 0 = -2*l - 3*x + 214 + 297. What is the highest common factor of l and 80?
8
Let m be ((-12)/(-8))/(2/28). Let g = 22 - 19. What is the greatest common factor of m and g?
3
Let g be -1 + (-11)/((-77)/21). Calculate the highest common factor of 50 and g.
2
Suppose -15*q + 6*q = -8748. Suppose 0 = -36*n + 27*n + q. What is the highest common factor of n and 270?
54
Let m be 762/(-27) - (-6)/27. Let t be (-2 - 0)/(2/m). Suppose 4*j + 13 = 3*i - 0*j, 3*j = -i + 13. What is the greatest common factor of i and t?
7
Suppose -4*f = 5*n - 4718, 7*n - 2*f - 3790 = 3*n. Calculate the highest common factor of n and 129.
43
Let n(g) = g**2 - 12*g - 10. Let d be n(12). Let f be ((-2)/d)/(16/40)*26. What is the greatest common divisor of 13 and f?
13
Suppose -6284 = 4*y + d, -y + 6300 = -5*y - 5*d. Let t = -627 - y. Suppose -5*h + 102 + t = 0. What is the greatest common factor of h and 19?
19
Suppose -3*c + 4*q = -2, -5*q + 38 = 5*c - 3*q. Let j be (-8964)/(-297) + 2/(-11). Calculate the greatest common factor of c and j.
6
Suppose -16 = -10*i - 6*i. Calculate the highest common divisor of i and 119.
1
Suppose 20 = 17*m - 269. Let w be (-170)/(-8)*32/8. What is the greatest common divisor of m and w?
17
Let g be ((-2)/(-2))/(5/25). Suppose -c = -4*m - 10, 7*c - m = 2*c + 12. Calculate the greatest common divisor of g and c.
1
Suppose w = -w + 4. Suppose -d = w*v - 0*v - 38, -2*v - 90 = -3*d. Let t = -168 + 424. Calculate the greatest common divisor of d and t.
32
Let k(p) = 3*p**3 - 4*p**2 + 11*p - 41. Let m be k(5). What is the greatest common factor of 34 and m?
17
Let h = 335 + -279. Calculate the highest common factor of 224 and h.
56
Let c = 30 + -27. Suppose c*o + 1 = -0*s + 5*s, 0 = 4*o - s + 7. Let g be (480/75)/(o/(-70)). Calculate the greatest common divisor of 32 and g.
32
Let y = -4990 + 4996. Let q = 13 + -8. Suppose q*p + 0*p - 60 = 0. What is the highest common divisor of y and p?
6
Suppose -119 = -11*b - 20. Calculate the greatest common factor of b and 6.
3
Let l = -20 + 23. Suppose -l*y - 54 = 18. Let a = y - -54. What is the greatest common divisor of a and 6?
6
Let h be 0/(15/(-5) + 2) - -64. Calculate the greatest common factor of 160 and h.
32
Suppose 2*w - 3*y - 112 = 32, -2*y + 86 = w. Suppose -4*h + w - 6 = 0. What is the highest common factor of 45 and h?
9
Let c be 890/(-8) - -2 - 72/96. Let y be (c/(-40))/(3/24). What is the greatest common factor of y and 88?
22
Let g(u) = -10*u + 3. Let k be g(-6). Calculate the greatest common divisor of 45 and k.
9
Suppose 2*i = -4*q - 0*q + 40, 4*q + 4*i = 44. What is the highest common factor of 2 and q?
1
Let r = -1293 + 1585. Calculate the greatest common divisor of 365 and r.
73
Let c be 4*(-120)/(-32)*2/5. Calculate the greatest common factor of c and 21.
3
Suppose 0 = 2*x + 3*c - 64, -5*c - 61 = -4*x + 23. Suppose 12*v = 3*v + 23166. Suppose v = 11*m - 2*m. What is the highest common factor of m and x?
26
Let c be -1 + -68 + 5*4/10. Let j = c - -101. What is the highest common factor of 51 and j?
17
Let b(t) = -t**3 + 6*t**2 - 6*t + 5. Let j be b(5). Let z be -84 + (j - -3) + -3. Let r = 140 + z. What is the highest common divisor of r and 7?
7
Suppose 3*t - 506 - 1102 = 0. Calculate the greatest common factor of 402 and t.
134
Suppose 2*y - 5*j = -y + 66, 2*y + 3*j = 63. Let t = 56 + 133. What is the highest common factor of y and t?
27
Let n = 498 - -517. Calculate the greatest common divisor of 580 and n.
145
Let l(z) be the first derivative of -z**4/4 + 3*z**3 - 7*z**2/2 - 14*z - 37. Let d be l(7). Calculate the highest common factor of 175 and d.
35
Let f be ((-4)/(-7))/((-30)/(-210)). Calculate the highest common factor of f and 8.
4
Let i = 141 - 138. Suppose 0 = -4*q + 20, 5*g - i*q + 16 = 51. Calculate the greatest common factor of g and 35.
5
Suppose 2*t + 97 = 13. Let j = t + 78. Let m(z) = -13*z - 1. Let c be m(-1). Calculate the greatest common factor of j and c.
12
Let p be 1 - 0 - (-62)/2. Let t(w) be the first derivative of w**3/3 - 3*w**2/2 + 12*w - 8. Let a be t(4). Calculate the highest common divisor of a and p.
16
Suppose 0 = 3*w - 6. Let u be (-1 - w)/(1/(-15)). Suppose 4*s = -h + 3*h - 26, -4*h - s + 61 = 0. What is the greatest common factor of u and h?
15
Let h(c) = 13*c + 4. Let i be h(4). Let p be (-378)/15 - 8/10. Let m be (p - -4)*-4 - 2*2. Calculate the greatest common divisor of m and i.
28
Let w(z) = -z**3 - 7*z**2 + 13. Suppose 0 = -a - 2*r - 19, 12 + 53 = -5*a - 4*r. Let c be w(a). What is the highest common divisor of 70 and c?
35
Suppose 26*r - 49*r = -874. Calculate the greatest common divisor of r and 1.
1
Let t = 497 - 315. Calculate the greatest common factor of 7 and t.
7
Let n be (-3 - -3)*(21/6 + -3). Suppose 6*o + 285 - 1011 = n. What is the highest common divisor of o and 11?
11
Suppose 4*a - 100 = -3*c + 530, 0 = -3*c - a + 630. Suppose 0 = t + 4*t - c. Let f be (-290)/15*t/(-4). What is the highest common factor of 29 and f?
29
Suppose 22 = 3*j - 4*p, -3*p = 2*j - j + 10. Suppose 3*l = -j + 38. Let z(a) = 19*a**2 + 4*a. Let k be z(2). Calculate the highest common divisor of l and k.
12
Let r = 338 - 322. Let s be (1 - -3) + (-2 - -14). What is the greatest common factor of r and s?
16
Let i be (-7220)/(-171) + (-12)/54. What is the highest common factor of 48 and i?
6
Let x(g) be the first derivative of 1/4*g**4 - 5*g + g**2 + 1 - 5/3*g**3. Let y be x(5). What is the highest common factor of 25 and y?
5
Suppose -3*v - 8 = -j - j, -3*j + 50 = 5*v. Let u = 7 - 5. Suppose -12 = -o - u*o. What is the highest common divisor of o and j?
2
Suppose -6*a = -2*a. Suppose 3*r - 10 = 4*k + 12, a = 2*r - 4*k - 12. Suppose -14*n = -r*n - 56. Calculate the greatest common factor of 70 and n.
14
Let t = -484 + 756. Calculate the highest common factor of